Calculate the highest common factor of 26992 and 1392780452.
6748
Calculate the greatest common factor of 131776 and 3282046.
4118
Calculate the greatest common divisor of 147439 and 6110.
47
What is the greatest common factor of 3220 and 17179960?
140
What is the greatest common factor of 1647448 and 4191176?
8536
What is the greatest common divisor of 312148 and 48472?
292
Calculate the highest common factor of 329233731 and 11562.
5781
Calculate the greatest common factor of 53740 and 356.
4
What is the highest common divisor of 305646407 and 57?
19
What is the greatest common divisor of 65 and 460548413?
13
Calculate the highest common divisor of 86361414 and 12606.
1146
Calculate the greatest common factor of 1944 and 4299306.
6
What is the greatest common divisor of 80 and 46453840?
80
Calculate the highest common factor of 109963 and 612605.
161
What is the highest common divisor of 56 and 9856826?
14
What is the highest common divisor of 3464099 and 114?
19
What is the greatest common factor of 2639 and 9687769?
2639
What is the greatest common factor of 42437144 and 32?
8
What is the greatest common divisor of 13240682 and 114?
38
Calculate the greatest common divisor of 302194016 and 1706.
1706
Calculate the greatest common factor of 46748 and 639392.
1508
Calculate the highest common divisor of 852561 and 4113.
9
What is the highest common divisor of 432 and 54607032?
72
What is the greatest common factor of 72 and 58296276?
36
Calculate the greatest common divisor of 2535175 and 80615.
115
What is the highest common divisor of 490014668 and 6204?
2068
What is the greatest common divisor of 34531804 and 3404?
148
Calculate the highest common divisor of 12849183 and 45.
9
Calculate the highest common divisor of 1124288 and 220.
44
Calculate the greatest common divisor of 4024647 and 28512.
891
Calculate the greatest common factor of 959 and 13612046.
959
Calculate the highest common divisor of 2206 and 189356422.
2206
What is the greatest common divisor of 1360 and 87830160?
1360
What is the highest common divisor of 2985 and 23449165?
995
Calculate the highest common divisor of 5346 and 4556007.
243
What is the greatest common factor of 12060 and 54120?
60
Calculate the greatest common divisor of 113034018 and 92502.
3426
What is the highest common divisor of 4952250 and 16550?
50
Calculate the greatest common factor of 1970 and 2692202.
394
Calculate the highest common factor of 598 and 76373524.
46
Calculate the greatest common factor of 112299 and 113046.
249
Calculate the highest common factor of 44 and 606610213.
11
Calculate the greatest common factor of 1062 and 116126160.
354
Calculate the greatest common factor of 198810 and 1170.
90
Calculate the greatest common factor of 58896 and 692568.
72
Calculate the greatest common factor of 112 and 29803522.
14
What is the greatest common factor of 2286184 and 16?
8
Calculate the highest common factor of 616 and 49014.
14
Calculate the greatest common divisor of 1857877 and 26901.
427
Calculate the greatest common divisor of 33876 and 15972.
12
Calculate the highest common factor of 10395 and 249117.
33
Calculate the greatest common divisor of 1182 and 107435329.
197
What is the highest common factor of 176 and 390654?
22
What is the highest common divisor of 14385 and 90670573?
959
What is the highest common factor of 62 and 581300158?
62
What is the highest common factor of 1386 and 570801?
231
What is the greatest common factor of 840 and 360815?
35
What is the greatest common factor of 2115610 and 1645?
35
What is the highest common divisor of 4888990 and 536?
134
What is the highest common factor of 2559 and 12072509?
853
Calculate the greatest common divisor of 966 and 50416023.
483
What is the greatest common factor of 4785 and 714615?
165
Calculate the highest common factor of 131819 and 1363951.
683
Calculate the highest common factor of 291840 and 246.
6
What is the highest common divisor of 243 and 19254834?
243
Calculate the highest common factor of 53690 and 14909300.
4130
Calculate the greatest common divisor of 46988024 and 184.
8
Calculate the highest common divisor of 1410 and 6217630.
470
What is the highest common factor of 89985180 and 48?
12
What is the highest common factor of 337776444 and 36?
36
What is the greatest common divisor of 3962 and 31514?
14
Calculate the highest common factor of 1099631855 and 35.
35
What is the greatest common factor of 1073210670 and 615?
615
What is the highest common divisor of 3240166941 and 594?
297
What is the highest common divisor of 287 and 38374483?
287
Calculate the greatest common factor of 1415925 and 1305.
1305
Calculate the highest common divisor of 3987 and 838807653.
1329
What is the highest common divisor of 25018797 and 6?
3
Calculate the greatest common divisor of 867646 and 112646.
302
What is the highest common factor of 294 and 2613360?
6
What is the highest common divisor of 386688 and 1216?
1216
Calculate the greatest common factor of 5904081 and 174.
87
What is the greatest common factor of 602424 and 276?
12
Calculate the greatest common factor of 161477 and 15138826.
1429
Calculate the highest common divisor of 10088 and 756988.
388
Calculate the greatest common factor of 649 and 249106.
11
Calculate the greatest common divisor of 3344809 and 1651.
13
Calculate the highest common factor of 26451254 and 316.
158
What is the highest common divisor of 1985770 and 90?
10
Calculate the highest common divisor of 964578 and 456.
6
What is the highest common divisor of 3367703 and 999?
37
Calculate the highest common divisor of 94032 and 11826.
18
What is the greatest common divisor of 266958 and 33786?
18
Calculate the highest common factor of 182010608 and 43654.
1898
Calculate the greatest common divisor of 51088740 and 255.
255
What is the highest common factor of 6169 and 922763?
199
What is the highest common divisor of 11163366 and 5490?
1098
What is the greatest common factor of 7031096 and 249?
83
Calculate the greatest common divisor of 249759720 and 840.
840
What is the greatest common divisor of 3539814 and 6?
6
What is the greatest common divisor of 142821602 and 2002?
154
Calculate the greatest common divisor of 30977700 and 3120.
780
What is the greatest common factor of 22874840 and 20?
20
Calculate the highest common factor of 2023344 and 432.
144
Calculate the highest common divisor of 14 and 46315262.
14
Calculate the highest common divisor of 5910 and 18579858.
1182
What is the greatest common divisor of 5983622 and 1118?
86
Calculate the greatest common divisor of 7274274 and 12432.
1554
What is the greatest common divisor of 9 and 217847?
1
What is the highest common divisor of 3750 and 54704625?
375
Calculate the highest common factor of 11045 and 96445.
5
What is the highest common divisor of 1170834 and 5124?
2562
Calculate the greatest common divisor of 1727712 and 2401.
7
Calculate the greatest common divisor of 12627 and 543789.
207
Calculate the highest common divisor of 125768 and 25091512.
1592
Calculate the greatest common factor of 36 and 29164116.
12
What is the greatest common divisor of 5390 and 31339420?
490
Calculate the highest common factor of 189461065 and 190.
95
What is the greatest common factor of 382428 and 5562?
54
Calculate the highest common factor of 44286133 and 89.
89
What is the greatest common divisor of 470000 and 144000?
2000
Calculate the greatest common factor of 313820 and 889772.
3692
Calculate the greatest common divisor of 1353066 and 116698.
3154
Calculate the highest common factor of 22048738 and 17658.
218
Calculate the highest common factor of 105 and 6106110.
15
Calculate the greatest common factor of 3667 and 97245752.
193
Calculate the highest common factor of 3306564 and 239931.
477
What is the greatest common divisor of 3410 and 2266720?
310
Calculate the greatest common factor of 49 and 35891716.
49
Calculate the highest common divisor of 6728 and 12053212.
3364
Calculate the highest common factor of 111 and 3800901.
3
Calculate the greatest common divisor of 8529793 and 1532.
383
What is the highest common factor of 13120 and 506048?
64
What is the highest common factor of 30784 and 1503008?
416
What is the highest common divisor of